{"id":182,"date":"2025-07-26T00:04:46","date_gmt":"2025-07-26T03:04:46","guid":{"rendered":"https:\/\/www.anduweb.cl\/?page_id=182"},"modified":"2025-09-24T16:04:30","modified_gmt":"2025-09-24T19:04:30","slug":"desarrollo-web","status":"publish","type":"page","link":"https:\/\/www.anduweb.cl\/index.php\/desarrollo-web\/","title":{"rendered":"Desarrollo Web"},"content":{"rendered":"\t\t<div data-elementor-type=\"wp-page\" data-elementor-id=\"182\" class=\"elementor elementor-182\">\n\t\t\t\t<div class=\"elementor-element elementor-element-3a7fe7b e-flex e-con-boxed e-con e-parent\" data-id=\"3a7fe7b\" data-element_type=\"container\" data-settings=\"{&quot;background_background&quot;:&quot;classic&quot;}\">\n\t\t\t\t\t<div class=\"e-con-inner\">\n\t\t\t\t<div class=\"elementor-element elementor-element-84abd23 elementor-widget__width-initial elementor-widget elementor-widget-heading\" data-id=\"84abd23\" data-element_type=\"widget\" data-widget_type=\"heading.default\">\n\t\t\t\t\t<h1 class=\"elementor-heading-title elementor-size-default\">Servicios de Desarrollo Web<\/h1>\t\t\t\t<\/div>\n\t\t\t\t\t<\/div>\n\t\t\t\t<\/div>\n\t\t<div class=\"elementor-element elementor-element-04b9d3c e-flex e-con-boxed e-con e-parent\" data-id=\"04b9d3c\" data-element_type=\"container\" data-settings=\"{&quot;background_background&quot;:&quot;classic&quot;}\">\n\t\t\t\t\t<div class=\"e-con-inner\">\n\t\t<div class=\"elementor-element elementor-element-870fa45 e-con-full e-flex e-con e-child\" data-id=\"870fa45\" data-element_type=\"container\">\n\t\t\t\t<div class=\"elementor-element elementor-element-f545c6e elementor-widget elementor-widget-text-editor\" data-id=\"f545c6e\" data-element_type=\"widget\" data-widget_type=\"text-editor.default\">\n\t\t\t\t\t\t\t\t\t<p>\ud83c\udf10 <strong data-start=\"197\" data-end=\"254\">Desarrollo Web Profesional con JavaScript, HTML y CSS<\/strong><\/p>\t\t\t\t\t\t\t\t<\/div>\n\t\t\t\t<div class=\"elementor-element elementor-element-7712ca7 elementor-widget elementor-widget-text-editor\" data-id=\"7712ca7\" data-element_type=\"widget\" data-widget_type=\"text-editor.default\">\n\t\t\t\t\t\t\t\t\t<p data-start=\"256\" data-end=\"671\">En AnduWeb.cl creamos sitios y sistemas web usando las tecnolog\u00edas m\u00e1s potentes y vers\u00e1tiles del mercado: <strong data-start=\"362\" data-end=\"388\">JavaScript, HTML y CSS<\/strong>, junto con librer\u00edas y frameworks modernos. Gracias a estas herramientas podemos desarrollar desde <strong data-start=\"488\" data-end=\"531\">p\u00e1ginas web est\u00e1ticas de alta velocidad<\/strong>, hasta <strong data-start=\"539\" data-end=\"589\">aplicaciones din\u00e1micas y sistemas interactivos<\/strong> que se conectan a bases de datos y permiten gestionar informaci\u00f3n en tiempo real.<\/p><p data-start=\"673\" data-end=\"707\">\u00a0<\/p>\t\t\t\t\t\t\t\t<\/div>\n\t\t\t\t<div class=\"elementor-element elementor-element-bff6d79 elementor-widget elementor-widget-button\" data-id=\"bff6d79\" data-element_type=\"widget\" data-widget_type=\"button.default\">\n\t\t\t\t\t\t\t\t\t\t<a class=\"elementor-button elementor-button-link elementor-size-sm\" href=\"https:\/\/www.anduweb.cl\/index.php\/contacto\/\">\n\t\t\t\t\t\t<span class=\"elementor-button-content-wrapper\">\n\t\t\t\t\t\t\t\t\t<span class=\"elementor-button-text\">Lo quiero!! Haz click AQUI para solicitar<\/span>\n\t\t\t\t\t<\/span>\n\t\t\t\t\t<\/a>\n\t\t\t\t\t\t\t\t<\/div>\n\t\t\t\t<div class=\"elementor-element elementor-element-0ade112 elementor-widget elementor-widget-text-editor\" data-id=\"0ade112\" data-element_type=\"widget\" data-widget_type=\"text-editor.default\">\n\t\t\t\t\t\t\t\t\t<p data-start=\"673\" data-end=\"707\">\ud83d\udca1 <strong data-start=\"676\" data-end=\"707\">\u00bfQu\u00e9 podemos crear para ti?<\/strong><\/p><ul><li>\u2714\ufe0f Sitios web corporativos profesionales<\/li><li>\u2714\ufe0f Tiendas online con pagos integrados<\/li><li>\u2714\ufe0f Sistemas de gesti\u00f3n para empresas, cl\u00ednicas y profesionales<\/li><li data-start=\"709\" data-end=\"1026\">\u2714\ufe0f Formularios avanzados con almacenamiento de datos<\/li><li data-start=\"709\" data-end=\"1026\">\u2714\ufe0f Plataformas educativas o de capacitaci\u00f3n online<\/li><li data-start=\"709\" data-end=\"1026\">\u2714\ufe0f Aplicaciones web personalizadas para tu modelo de negocio<\/li><\/ul><p data-start=\"1028\" data-end=\"1074\">\ud83c\udfaf <strong data-start=\"1031\" data-end=\"1074\">\u00bfQui\u00e9nes pueden utilizar este servicio?<\/strong><\/p><ul><li>\u2714\ufe0fProfesionales independientes que necesitan presencia online<\/li><li>\u2714\ufe0fPymes que buscan crecer y automatizar procesos<\/li><li>\u2714\ufe0fEmpresas que requieren sistemas a medida<\/li><li>\u2714\ufe0fCentros de salud, cl\u00ednicas y consultorios<\/li><li>\u2714\ufe0fEmprendedores que deseen lanzar su idea con tecnolog\u00eda de punta<\/li><li>\u2714\ufe0fEmpresas de Transporte para control de flota<\/li><li>\u2714\ufe0fEmpresas de Maquinarias para control y gestion del Mantenimiento<\/li><\/ul>\t\t\t\t\t\t\t\t<\/div>\n\t\t\t\t<\/div>\n\t\t<div class=\"elementor-element elementor-element-fc2235b e-con-full e-flex e-con e-child\" data-id=\"fc2235b\" data-element_type=\"container\">\n\t\t\t\t<div class=\"elementor-element elementor-element-6bd028b elementor-widget__width-initial elementor-widget elementor-widget-image-gallery\" data-id=\"6bd028b\" data-element_type=\"widget\" data-widget_type=\"image-gallery.default\">\n\t\t\t\t\t\t\t<div class=\"elementor-image-gallery\">\n\t\t\t<div id='gallery-1' class='gallery galleryid-182 gallery-columns-1 gallery-size-full'><figure class='gallery-item'>\n\t\t\t<div class='gallery-icon landscape'>\n\t\t\t\t<a data-elementor-open-lightbox=\"yes\" data-elementor-lightbox-slideshow=\"6bd028b\" data-elementor-lightbox-title=\"2\" data-e-action-hash=\"#elementor-action%3Aaction%3Dlightbox%26settings%3DeyJpZCI6NDQ2LCJ1cmwiOiJodHRwczpcL1wvd3d3LmFuZHV3ZWIuY2xcL3dwLWNvbnRlbnRcL3VwbG9hZHNcLzIwMjVcLzA4XC8yLmpwZyIsInNsaWRlc2hvdyI6IjZiZDAyOGIifQ%3D%3D\" href='https:\/\/www.anduweb.cl\/wp-content\/uploads\/2025\/08\/2.jpg'><img fetchpriority=\"high\" decoding=\"async\" width=\"1000\" height=\"500\" src=\"https:\/\/www.anduweb.cl\/wp-content\/uploads\/2025\/08\/2.jpg\" class=\"attachment-full size-full\" alt=\"\" srcset=\"https:\/\/www.anduweb.cl\/wp-content\/uploads\/2025\/08\/2.jpg 1000w, https:\/\/www.anduweb.cl\/wp-content\/uploads\/2025\/08\/2-300x150.jpg 300w, https:\/\/www.anduweb.cl\/wp-content\/uploads\/2025\/08\/2-768x384.jpg 768w\" sizes=\"(max-width: 1000px) 100vw, 1000px\" \/><\/a>\n\t\t\t<\/div><\/figure><figure class='gallery-item'>\n\t\t\t<div class='gallery-icon landscape'>\n\t\t\t\t<a data-elementor-open-lightbox=\"yes\" data-elementor-lightbox-slideshow=\"6bd028b\" data-elementor-lightbox-title=\"1\" data-e-action-hash=\"#elementor-action%3Aaction%3Dlightbox%26settings%3DeyJpZCI6NDM2LCJ1cmwiOiJodHRwczpcL1wvd3d3LmFuZHV3ZWIuY2xcL3dwLWNvbnRlbnRcL3VwbG9hZHNcLzIwMjVcLzA4XC8xLmpwZyIsInNsaWRlc2hvdyI6IjZiZDAyOGIifQ%3D%3D\" href='https:\/\/www.anduweb.cl\/wp-content\/uploads\/2025\/08\/1.jpg'><img decoding=\"async\" width=\"1000\" height=\"500\" src=\"https:\/\/www.anduweb.cl\/wp-content\/uploads\/2025\/08\/1.jpg\" class=\"attachment-full size-full\" alt=\"\" srcset=\"https:\/\/www.anduweb.cl\/wp-content\/uploads\/2025\/08\/1.jpg 1000w, https:\/\/www.anduweb.cl\/wp-content\/uploads\/2025\/08\/1-300x150.jpg 300w, https:\/\/www.anduweb.cl\/wp-content\/uploads\/2025\/08\/1-768x384.jpg 768w\" sizes=\"(max-width: 1000px) 100vw, 1000px\" \/><\/a>\n\t\t\t<\/div><\/figure><figure class='gallery-item'>\n\t\t\t<div class='gallery-icon landscape'>\n\t\t\t\t<a data-elementor-open-lightbox=\"yes\" data-elementor-lightbox-slideshow=\"6bd028b\" data-elementor-lightbox-title=\"21-768x384\" data-e-action-hash=\"#elementor-action%3Aaction%3Dlightbox%26settings%3DeyJpZCI6NDMwLCJ1cmwiOiJodHRwczpcL1wvd3d3LmFuZHV3ZWIuY2xcL3dwLWNvbnRlbnRcL3VwbG9hZHNcLzIwMjVcLzA4XC8yMS03Njh4Mzg0LTEuanBnIiwic2xpZGVzaG93IjoiNmJkMDI4YiJ9\" href='https:\/\/www.anduweb.cl\/wp-content\/uploads\/2025\/08\/21-768x384-1.jpg'><img decoding=\"async\" width=\"768\" height=\"384\" src=\"https:\/\/www.anduweb.cl\/wp-content\/uploads\/2025\/08\/21-768x384-1.jpg\" class=\"attachment-full size-full\" alt=\"\" srcset=\"https:\/\/www.anduweb.cl\/wp-content\/uploads\/2025\/08\/21-768x384-1.jpg 768w, https:\/\/www.anduweb.cl\/wp-content\/uploads\/2025\/08\/21-768x384-1-300x150.jpg 300w\" sizes=\"(max-width: 768px) 100vw, 768px\" \/><\/a>\n\t\t\t<\/div><\/figure><figure class='gallery-item'>\n\t\t\t<div class='gallery-icon landscape'>\n\t\t\t\t<a data-elementor-open-lightbox=\"yes\" data-elementor-lightbox-slideshow=\"6bd028b\" data-elementor-lightbox-title=\"23-768x384\" data-e-action-hash=\"#elementor-action%3Aaction%3Dlightbox%26settings%3DeyJpZCI6NDM1LCJ1cmwiOiJodHRwczpcL1wvd3d3LmFuZHV3ZWIuY2xcL3dwLWNvbnRlbnRcL3VwbG9hZHNcLzIwMjVcLzA4XC8yMy03Njh4Mzg0LTIuanBnIiwic2xpZGVzaG93IjoiNmJkMDI4YiJ9\" href='https:\/\/www.anduweb.cl\/wp-content\/uploads\/2025\/08\/23-768x384-2.jpg'><img loading=\"lazy\" decoding=\"async\" width=\"768\" height=\"384\" src=\"https:\/\/www.anduweb.cl\/wp-content\/uploads\/2025\/08\/23-768x384-2.jpg\" class=\"attachment-full size-full\" alt=\"\" srcset=\"https:\/\/www.anduweb.cl\/wp-content\/uploads\/2025\/08\/23-768x384-2.jpg 768w, https:\/\/www.anduweb.cl\/wp-content\/uploads\/2025\/08\/23-768x384-2-300x150.jpg 300w\" sizes=\"(max-width: 768px) 100vw, 768px\" \/><\/a>\n\t\t\t<\/div><\/figure>\n\t\t<\/div>\n\t\t<\/div>\n\t\t\t\t\t\t<\/div>\n\t\t\t\t<\/div>\n\t\t\t\t\t<\/div>\n\t\t\t\t<\/div>\n\t\t<div class=\"elementor-element elementor-element-8a48c0b e-flex e-con-boxed elementor-invisible e-con e-parent\" data-id=\"8a48c0b\" data-element_type=\"container\" data-settings=\"{&quot;background_background&quot;:&quot;classic&quot;,&quot;animation&quot;:&quot;slideInRight&quot;}\">\n\t\t\t\t\t<div class=\"e-con-inner\">\n\t\t\t\t<div class=\"elementor-element elementor-element-6646da5 elementor-arrows-position-inside elementor-pagination-position-outside elementor-widget elementor-widget-image-carousel\" data-id=\"6646da5\" data-element_type=\"widget\" data-settings=\"{&quot;slides_to_show&quot;:&quot;5&quot;,&quot;navigation&quot;:&quot;both&quot;,&quot;autoplay&quot;:&quot;yes&quot;,&quot;pause_on_hover&quot;:&quot;yes&quot;,&quot;pause_on_interaction&quot;:&quot;yes&quot;,&quot;autoplay_speed&quot;:5000,&quot;infinite&quot;:&quot;yes&quot;,&quot;speed&quot;:500}\" data-widget_type=\"image-carousel.default\">\n\t\t\t\t\t\t\t<div class=\"elementor-image-carousel-wrapper swiper\" role=\"region\" aria-roledescription=\"carousel\" aria-label=\"Carrusel de im\u00e1genes\" dir=\"ltr\">\n\t\t\t<div class=\"elementor-image-carousel swiper-wrapper\" aria-live=\"off\">\n\t\t\t\t\t\t\t\t<div class=\"swiper-slide\" role=\"group\" aria-roledescription=\"slide\" aria-label=\"1 de 6\"><figure class=\"swiper-slide-inner\"><img decoding=\"async\" class=\"swiper-slide-image\" src=\"https:\/\/www.anduweb.cl\/wp-content\/uploads\/2025\/07\/Pie-300x150-1-1.jpg\" alt=\"Pie-300x150-1\" \/><\/figure><\/div><div class=\"swiper-slide\" role=\"group\" aria-roledescription=\"slide\" aria-label=\"2 de 6\"><figure class=\"swiper-slide-inner\"><img decoding=\"async\" class=\"swiper-slide-image\" src=\"https:\/\/www.anduweb.cl\/wp-content\/uploads\/2025\/07\/pie-300x150-2.jpg\" alt=\"pie-300x150\" \/><\/figure><\/div><div class=\"swiper-slide\" role=\"group\" aria-roledescription=\"slide\" aria-label=\"3 de 6\"><figure class=\"swiper-slide-inner\"><img decoding=\"async\" class=\"swiper-slide-image\" src=\"https:\/\/www.anduweb.cl\/wp-content\/uploads\/2025\/07\/Pie18-300x150-1.jpg\" alt=\"Pie18-300x150\" \/><\/figure><\/div><div class=\"swiper-slide\" role=\"group\" aria-roledescription=\"slide\" aria-label=\"4 de 6\"><figure class=\"swiper-slide-inner\"><img decoding=\"async\" class=\"swiper-slide-image\" src=\"https:\/\/www.anduweb.cl\/wp-content\/uploads\/2025\/07\/pie16-300-x-150.jpg\" alt=\"pie16 300 x 150\" \/><\/figure><\/div><div class=\"swiper-slide\" role=\"group\" aria-roledescription=\"slide\" aria-label=\"5 de 6\"><figure class=\"swiper-slide-inner\"><img decoding=\"async\" class=\"swiper-slide-image\" src=\"https:\/\/www.anduweb.cl\/wp-content\/uploads\/2025\/07\/pie-19-300x150-1.jpg\" alt=\"pie 19 300x150\" \/><\/figure><\/div><div class=\"swiper-slide\" role=\"group\" aria-roledescription=\"slide\" aria-label=\"6 de 6\"><figure class=\"swiper-slide-inner\"><img decoding=\"async\" class=\"swiper-slide-image\" src=\"https:\/\/www.anduweb.cl\/wp-content\/uploads\/2025\/07\/pie-17-350x150-1.jpg\" alt=\"pie 17 350x150\" \/><\/figure><\/div>\t\t\t<\/div>\n\t\t\t\t\t\t\t\t\t\t\t\t<div class=\"elementor-swiper-button elementor-swiper-button-prev\" role=\"button\" tabindex=\"0\">\n\t\t\t\t\t\t<svg aria-hidden=\"true\" class=\"e-font-icon-svg e-eicon-chevron-left\" viewBox=\"0 0 1000 1000\" xmlns=\"http:\/\/www.w3.org\/2000\/svg\"><path d=\"M646 125C629 125 613 133 604 142L308 442C296 454 292 471 292 487 292 504 296 521 308 533L604 854C617 867 629 875 646 875 663 875 679 871 692 858 704 846 713 829 713 812 713 796 708 779 692 767L438 487 692 225C700 217 708 204 708 187 708 171 704 154 692 142 675 129 663 125 646 125Z\"><\/path><\/svg>\t\t\t\t\t<\/div>\n\t\t\t\t\t<div class=\"elementor-swiper-button elementor-swiper-button-next\" role=\"button\" tabindex=\"0\">\n\t\t\t\t\t\t<svg aria-hidden=\"true\" class=\"e-font-icon-svg e-eicon-chevron-right\" viewBox=\"0 0 1000 1000\" xmlns=\"http:\/\/www.w3.org\/2000\/svg\"><path d=\"M696 533C708 521 713 504 713 487 713 471 708 454 696 446L400 146C388 133 375 125 354 125 338 125 325 129 313 142 300 154 292 171 292 187 292 204 296 221 308 233L563 492 304 771C292 783 288 800 288 817 288 833 296 850 308 863 321 871 338 875 354 875 371 875 388 867 400 854L696 533Z\"><\/path><\/svg>\t\t\t\t\t<\/div>\n\t\t\t\t\n\t\t\t\t\t\t\t\t\t<div class=\"swiper-pagination\"><\/div>\n\t\t\t\t\t\t\t\t\t<\/div>\n\t\t\t\t\t\t<\/div>\n\t\t\t\t\t<\/div>\n\t\t\t\t<\/div>\n\t\t\t\t<\/div>\n\t\t","protected":false},"excerpt":{"rendered":"<p>Servicios de Desarrollo Web \ud83c\udf10 Desarrollo Web Profesional con JavaScript, HTML y CSS En AnduWeb.cl creamos sitios y sistemas web [&hellip;]<\/p>\n","protected":false},"author":1,"featured_media":0,"parent":0,"menu_order":0,"comment_status":"closed","ping_status":"closed","template":"","meta":{"site-sidebar-layout":"no-sidebar","site-content-layout":"","ast-site-content-layout":"full-width-container","site-content-style":"default","site-sidebar-style":"default","ast-global-header-display":"","ast-banner-title-visibility":"","ast-main-header-display":"","ast-hfb-above-header-display":"","ast-hfb-below-header-display":"","ast-hfb-mobile-header-display":"","site-post-title":"disabled","ast-breadcrumbs-content":"","ast-featured-img":"disabled","footer-sml-layout":"","theme-transparent-header-meta":"","adv-header-id-meta":"","stick-header-meta":"","header-above-stick-meta":"","header-main-stick-meta":"","header-below-stick-meta":"","astra-migrate-meta-layouts":"default","ast-page-background-enabled":"default","ast-page-background-meta":{"desktop":{"background-color":"var(--ast-global-color-5)","background-image":"","background-repeat":"repeat","background-position":"center center","background-size":"auto","background-attachment":"scroll","background-type":"","background-media":"","overlay-type":"","overlay-color":"","overlay-opacity":"","overlay-gradient":""},"tablet":{"background-color":"","background-image":"","background-repeat":"repeat","background-position":"center center","background-size":"auto","background-attachment":"scroll","background-type":"","background-media":"","overlay-type":"","overlay-color":"","overlay-opacity":"","overlay-gradient":""},"mobile":{"background-color":"","background-image":"","background-repeat":"repeat","background-position":"center center","background-size":"auto","background-attachment":"scroll","background-type":"","background-media":"","overlay-type":"","overlay-color":"","overlay-opacity":"","overlay-gradient":""}},"ast-content-background-meta":{"desktop":{"background-color":"var(--ast-global-color-4)","background-image":"","background-repeat":"repeat","background-position":"center center","background-size":"auto","background-attachment":"scroll","background-type":"","background-media":"","overlay-type":"","overlay-color":"","overlay-opacity":"","overlay-gradient":""},"tablet":{"background-color":"var(--ast-global-color-4)","background-image":"","background-repeat":"repeat","background-position":"center center","background-size":"auto","background-attachment":"scroll","background-type":"","background-media":"","overlay-type":"","overlay-color":"","overlay-opacity":"","overlay-gradient":""},"mobile":{"background-color":"var(--ast-global-color-4)","background-image":"","background-repeat":"repeat","background-position":"center center","background-size":"auto","background-attachment":"scroll","background-type":"","background-media":"","overlay-type":"","overlay-color":"","overlay-opacity":"","overlay-gradient":""}},"footnotes":""},"class_list":["post-182","page","type-page","status-publish","hentry"],"_links":{"self":[{"href":"https:\/\/www.anduweb.cl\/index.php\/wp-json\/wp\/v2\/pages\/182","targetHints":{"allow":["GET"]}}],"collection":[{"href":"https:\/\/www.anduweb.cl\/index.php\/wp-json\/wp\/v2\/pages"}],"about":[{"href":"https:\/\/www.anduweb.cl\/index.php\/wp-json\/wp\/v2\/types\/page"}],"author":[{"embeddable":true,"href":"https:\/\/www.anduweb.cl\/index.php\/wp-json\/wp\/v2\/users\/1"}],"replies":[{"embeddable":true,"href":"https:\/\/www.anduweb.cl\/index.php\/wp-json\/wp\/v2\/comments?post=182"}],"version-history":[{"count":172,"href":"https:\/\/www.anduweb.cl\/index.php\/wp-json\/wp\/v2\/pages\/182\/revisions"}],"predecessor-version":[{"id":1457,"href":"https:\/\/www.anduweb.cl\/index.php\/wp-json\/wp\/v2\/pages\/182\/revisions\/1457"}],"wp:attachment":[{"href":"https:\/\/www.anduweb.cl\/index.php\/wp-json\/wp\/v2\/media?parent=182"}],"curies":[{"name":"wp","href":"https:\/\/api.w.org\/{rel}","templated":true}]}}